he highest common factor of 227904000 and 9000.
3000
Calculate the greatest common divisor of 324798 and 54.
6
Calculate the highest common divisor of 20106 and 3286566.
18
What is the highest common divisor of 14938385 and 264845?
5635
What is the highest common factor of 10552392 and 20792?
904
Calculate the highest common factor of 20162 and 946428.
1186
Calculate the greatest common factor of 35752 and 7397056.
328
Calculate the greatest common divisor of 747464873 and 614.
307
What is the greatest common factor of 4 and 16584186?
2
What is the highest common divisor of 2296 and 313768?
56
What is the highest common factor of 707 and 5757707?
101
What is the greatest common divisor of 245421 and 293661?
603
Calculate the greatest common divisor of 41519344 and 16.
16
Calculate the highest common factor of 54627310 and 3560.
890
What is the highest common factor of 4196 and 930228024?
4196
What is the highest common divisor of 2348449 and 7849?
47
What is the highest common factor of 25551 and 67125316?
2839
Calculate the highest common factor of 4225988 and 8869.
181
Calculate the highest common factor of 512 and 2980968.
8
What is the highest common divisor of 580 and 1203616?
116
Calculate the greatest common factor of 3546 and 40914.
18
What is the greatest common factor of 544848 and 720?
48
What is the highest common factor of 42 and 3321087?
21
What is the greatest common factor of 15410 and 253796?
134
Calculate the greatest common divisor of 1179660 and 390.
30
What is the greatest common divisor of 2042566 and 18?
2
What is the greatest common divisor of 228228 and 234754?
26
Calculate the highest common factor of 88 and 584607232.
88
Calculate the highest common divisor of 2205875 and 597477.
2521
What is the highest common factor of 13676269 and 7336?
131
Calculate the greatest common factor of 4291434 and 21693.
21
What is the greatest common factor of 266076916 and 222?
74
Calculate the highest common factor of 400 and 30273200.
400
Calculate the highest common factor of 36 and 13977132.
12
What is the greatest common factor of 134023 and 1325806?
601
Calculate the highest common factor of 10196 and 576.
4
Calculate the highest common factor of 369976 and 5562.
206
Calculate the greatest common factor of 153537 and 101748.
183
Calculate the highest common factor of 7018584 and 5664.
24
What is the greatest common factor of 1950620 and 220?
20
What is the greatest common divisor of 51 and 76891391?
17
What is the highest common divisor of 1027 and 58732076?
1027
Calculate the greatest common factor of 209 and 609634.
19
Calculate the highest common factor of 147630 and 5490060.
1110
What is the greatest common factor of 11934 and 62203?
17
What is the greatest common divisor of 552 and 299988816?
552
Calculate the greatest common divisor of 261840 and 5760.
240
What is the highest common factor of 790786514 and 14?
14
Calculate the greatest common factor of 4740 and 12463860.
60
Calculate the greatest common divisor of 114 and 4599919.
19
What is the highest common divisor of 3188 and 9636?
4
What is the highest common divisor of 2224 and 231552?
16
What is the highest common divisor of 384097 and 13135?
37
Calculate the greatest common divisor of 247989 and 371469.
1029
What is the greatest common factor of 18688 and 56384?
64
What is the highest common divisor of 10534203 and 11105?
2221
What is the greatest common factor of 9585 and 49061?
71
What is the greatest common factor of 1293658 and 506?
46
What is the highest common divisor of 2177 and 2263147?
311
What is the greatest common factor of 19856 and 4714924?
292
What is the greatest common divisor of 48 and 2604802704?
48
What is the highest common factor of 67332 and 14545884?
2172
What is the greatest common factor of 53 and 1354832216?
53
Calculate the greatest common factor of 175059635 and 31.
31
What is the highest common factor of 170369903 and 969?
323
What is the highest common divisor of 6883517 and 37?
37
What is the greatest common divisor of 25699 and 38706839?
829
Calculate the highest common factor of 13 and 12855219.
13
What is the greatest common divisor of 606632 and 918544?
2456
What is the highest common divisor of 2370 and 23545920?
30
Calculate the greatest common factor of 45 and 12795270.
15
Calculate the greatest common factor of 5542812 and 2013.
33
Calculate the greatest common divisor of 3875642 and 189883.
317
What is the highest common divisor of 478348389 and 3?
3
Calculate the highest common factor of 78409 and 90068.
89
Calculate the greatest common factor of 5667 and 12948.
3
What is the highest common factor of 96760 and 184552?
472
What is the highest common factor of 2518 and 1569155909?
1259
Calculate the highest common divisor of 84 and 552189456.
84
What is the highest common factor of 197976 and 4231664?
584
What is the highest common divisor of 125 and 255545?
5
What is the greatest common factor of 13066 and 18307346?
94
Calculate the highest common factor of 39409165 and 1415.
1415
What is the greatest common divisor of 1350 and 395230?
10
What is the greatest common factor of 2301 and 1933607?
767
What is the highest common divisor of 2141175 and 900?
75
Calculate the greatest common factor of 256640 and 2.
2
What is the greatest common factor of 3773 and 276699472?
343
What is the greatest common divisor of 26422430 and 281?
281
Calculate the greatest common divisor of 5515136 and 170368.
1408
What is the highest common factor of 2856 and 6426357?
357
What is the highest common divisor of 2765898 and 1443?
111
What is the highest common factor of 3230 and 85975?
95
Calculate the greatest common divisor of 3661185 and 1515.
15
What is the highest common divisor of 277 and 1150142503?
277
What is the highest common factor of 705160 and 862376?
2312
Calculate the highest common factor of 3822917 and 2919.
973
Calculate the greatest common factor of 305 and 21625720.
305
Calculate the greatest common factor of 79314103 and 99.
11
What is the greatest common factor of 52854347 and 2163?
721
Calculate the greatest common factor of 7909692 and 4998.
714
What is the greatest common divisor of 9776 and 6547288?
376
What is the greatest common divisor of 7619 and 147167?
401
What is the greatest common factor of 54 and 31283631?
27
What is the highest common divisor of 423 and 11344061?
47
What is the highest common divisor of 443777135 and 122?
61
Calculate the highest common factor of 29490780 and 3135.
165
What is the greatest common divisor of 63 and 71232?
21
What is the highest common divisor of 273720594 and 1477?
1477
What is the greatest common divisor of 5798 and 3626426?
446
Calculate the greatest common divisor of 3119607662 and 58.
58
Calculate the greatest common factor of 963374 and 4243258.
7354
What is the highest common factor of 110368602 and 2708?
1354
What is the highest common divisor of 12418120 and 48430?
1670
Calculate the highest common factor of 82023 and 33801.
57
What is the highest common factor of 23391 and 1299132?
207
What is the greatest common divisor of 257914 and 192124?
86
What is the greatest common factor of 5942178 and 3168?
198
What is the highest common factor of 924211 and 2013?
61
Calculate the highest common factor of 28183950 and 1134.
162
What is the highest common factor of 8106326 and 18?
2
What is the highest common factor of 1168 and 16144?
16
What is the highest common factor of 16 and 29683?
1
What is the greatest common divisor of 9 and 80543826?
9
What is the highest common factor of 392538229 and 116?
29
Calculate the greatest common factor of 1544166 and 1449.
9
What is the highest common factor of 380 and 82750890?
190
Calculate the highest common divisor of 1270017 and 128079.
1197
Calculate the greatest common divisor of 82108 and 110163672.
6316
What is the greatest common divisor of 234971 and 19657?
11
What is the highest common divisor of 1059664 and 7313?
103
Calculate the highest common divisor of 38638395 and 45.
45
What is the greatest common divisor of 111338452 and 74492?
6772
Calculate the highest common divisor of 140459 and 44.
11
What is the greatest common factor of 373466 and 4?
2
Calculate the greatest common factor of 7392 and 62670762.
462
Calculate 